{"id":20,"date":"2022-10-30T11:36:16","date_gmt":"2022-10-30T11:36:16","guid":{"rendered":"https:\/\/ergotherapie-andrae.at\/?page_id=20"},"modified":"2026-01-16T12:05:16","modified_gmt":"2026-01-16T12:05:16","slug":"willkommen","status":"publish","type":"page","link":"https:\/\/ergotherapie-andrae.at\/","title":{"rendered":"WILLKOMMEN"},"content":{"rendered":"<div class=\"wp-block-image\">\n<figure class=\"aligncenter size-full\"><img loading=\"lazy\" decoding=\"async\" width=\"2480\" height=\"1299\" src=\"https:\/\/ergotherapie-andrae.at\/wordpress\/wp-content\/uploads\/2026\/01\/Andrae_Logo_RGB-1.png\" alt=\"\" class=\"wp-image-108\" srcset=\"https:\/\/ergotherapie-andrae.at\/wordpress\/wp-content\/uploads\/2026\/01\/Andrae_Logo_RGB-1.png 2480w, https:\/\/ergotherapie-andrae.at\/wordpress\/wp-content\/uploads\/2026\/01\/Andrae_Logo_RGB-1-300x157.png 300w, https:\/\/ergotherapie-andrae.at\/wordpress\/wp-content\/uploads\/2026\/01\/Andrae_Logo_RGB-1-1024x536.png 1024w, https:\/\/ergotherapie-andrae.at\/wordpress\/wp-content\/uploads\/2026\/01\/Andrae_Logo_RGB-1-768x402.png 768w, https:\/\/ergotherapie-andrae.at\/wordpress\/wp-content\/uploads\/2026\/01\/Andrae_Logo_RGB-1-1536x805.png 1536w, https:\/\/ergotherapie-andrae.at\/wordpress\/wp-content\/uploads\/2026\/01\/Andrae_Logo_RGB-1-2048x1073.png 2048w\" sizes=\"auto, (max-width: 2480px) 100vw, 2480px\" \/><\/figure>\n<\/div>\n\n\n<div class=\"wp-block-columns is-layout-flex wp-container-core-columns-is-layout-9d6595d7 wp-block-columns-is-layout-flex\">\n<div class=\"wp-block-column is-layout-flow wp-block-column-is-layout-flow\" style=\"flex-basis:100%\">\n<div class=\"wp-block-media-text is-stacked-on-mobile\"><figure class=\"wp-block-media-text__media\"><img loading=\"lazy\" decoding=\"async\" width=\"1024\" height=\"684\" src=\"https:\/\/ergotherapie-andrae.at\/wordpress\/wp-content\/uploads\/2026\/01\/DSC_4432-1-1024x684.jpg\" alt=\"\" class=\"wp-image-91 size-full\" srcset=\"https:\/\/ergotherapie-andrae.at\/wordpress\/wp-content\/uploads\/2026\/01\/DSC_4432-1-1024x684.jpg 1024w, https:\/\/ergotherapie-andrae.at\/wordpress\/wp-content\/uploads\/2026\/01\/DSC_4432-1-300x200.jpg 300w, https:\/\/ergotherapie-andrae.at\/wordpress\/wp-content\/uploads\/2026\/01\/DSC_4432-1-768x513.jpg 768w\" sizes=\"auto, (max-width: 1024px) 100vw, 1024px\" \/><\/figure><div class=\"wp-block-media-text__content\">\n<p class=\"has-text-align-left\"><mark style=\"background-color:rgba(0, 0, 0, 0)\" class=\"has-inline-color has-vivid-cyan-blue-color\">Wahltherapeutin f\u00fcr Ergotherapie und Handtherapie<br>Gerne vereinbare ich Termine pers\u00f6nlich mit Ihnen.<br><strong>0664 3704322<\/strong><\/mark><\/p>\n<\/div><\/div>\n<\/div>\n<\/div>\n\n\n\n<h2 class=\"wp-block-heading\">Zusatzangebote<\/h2>\n\n\n\n<ul class=\"wp-block-list\">\n<li><a href=\"https:\/\/ergotherapie-andrae.at\/?page_id=44\" data-type=\"page\" data-id=\"44\">Stift- &amp; Formenprofi \u2013 Program f\u00fcr Schulanf\u00e4nger:innen und Erstkl\u00e4ssler:innen<\/a><\/li>\n\n\n\n<li><a href=\"https:\/\/ergotherapie-andrae.at\/?page_id=13\" data-type=\"page\" data-id=\"13\">Kugelblitze <\/a><\/li>\n\n\n\n<li><a href=\"https:\/\/ergotherapie-andrae.at\/?page_id=11\" data-type=\"page\" data-id=\"11\">Fire stellt sich vor <\/a><\/li>\n<\/ul>\n\n\n\n<hr class=\"wp-block-separator has-alpha-channel-opacity\"\/>\n\n\n\n<h2 class=\"wp-block-heading\">Kontakt<\/h2>\n\n\n\n<p>0664 370 43 22<br>info@Ergotherapie-Andrae.at<\/p>\n\n\n\n<p>Reichenau im M\u00fchlkreis<\/p>\n\n\n\n<p>Brunnenweg 8<br>4204 Reichenau im M\u00fchlkreis<\/p>\n\n\n\n<p><\/p>\n","protected":false},"excerpt":{"rendered":"<p>Wahltherapeutin f\u00fcr Ergotherapie und HandtherapieGerne vereinbare ich Termine pers\u00f6nlich mit Ihnen.0664 3704322 Zusatzangebote Kontakt 0664 370 43 22info@Ergotherapie-Andrae.at Reichenau im M\u00fchlkreis Brunnenweg 84204 Reichenau im M\u00fchlkreis<\/p>\n","protected":false},"author":1,"featured_media":37,"parent":0,"menu_order":0,"comment_status":"closed","ping_status":"closed","template":"","meta":{"footnotes":""},"class_list":["post-20","page","type-page","status-publish","has-post-thumbnail","hentry"],"_links":{"self":[{"href":"https:\/\/ergotherapie-andrae.at\/index.php?rest_route=\/wp\/v2\/pages\/20","targetHints":{"allow":["GET"]}}],"collection":[{"href":"https:\/\/ergotherapie-andrae.at\/index.php?rest_route=\/wp\/v2\/pages"}],"about":[{"href":"https:\/\/ergotherapie-andrae.at\/index.php?rest_route=\/wp\/v2\/types\/page"}],"author":[{"embeddable":true,"href":"https:\/\/ergotherapie-andrae.at\/index.php?rest_route=\/wp\/v2\/users\/1"}],"replies":[{"embeddable":true,"href":"https:\/\/ergotherapie-andrae.at\/index.php?rest_route=%2Fwp%2Fv2%2Fcomments&post=20"}],"version-history":[{"count":6,"href":"https:\/\/ergotherapie-andrae.at\/index.php?rest_route=\/wp\/v2\/pages\/20\/revisions"}],"predecessor-version":[{"id":155,"href":"https:\/\/ergotherapie-andrae.at\/index.php?rest_route=\/wp\/v2\/pages\/20\/revisions\/155"}],"wp:featuredmedia":[{"embeddable":true,"href":"https:\/\/ergotherapie-andrae.at\/index.php?rest_route=\/wp\/v2\/media\/37"}],"wp:attachment":[{"href":"https:\/\/ergotherapie-andrae.at\/index.php?rest_route=%2Fwp%2Fv2%2Fmedia&parent=20"}],"curies":[{"name":"wp","href":"https:\/\/api.w.org\/{rel}","templated":true}]}}